{"id":312,"date":"2016-05-03T11:26:15","date_gmt":"2016-05-03T16:26:15","guid":{"rendered":"http:\/\/www.cojitambo.gob.ec\/?page_id=312"},"modified":"2016-05-03T11:28:41","modified_gmt":"2016-05-03T16:28:41","slug":"datos-generales","status":"publish","type":"page","link":"https:\/\/www.cojitambo.gob.ec\/?page_id=312","title":{"rendered":"Datos Generales"},"content":{"rendered":"[vc_row][vc_column][vc_column_text]La Parroquia Cojitambo se encuentra situada al oeste del Cant\u00f3n Azogues, capital de la provincia del Ca\u00f1ar, a una distancia de 10km, con una extensi\u00f3n superficial de 42km2, a 3076 mts, de altura sobre el nivel del mar.<\/p>\n<p>Limita por el Norte con el cant\u00f3n Biblian, quebrada de Pizhumaza y loma de Mururco; por el Sur con la Parroquia Javier Loyola, cabecera de Rumiurco y el convento, quebrada del convento y raya de Chuquipata; al Este con las Parroquias de Azogues y Borrero colinas de Zhigzhiquin, Toray y Chapte; y, al Oeste con el Cant\u00f3n Deleg, loma de San Nicol\u00e1s.<\/p>\n[\/vc_column_text][\/vc_column][\/vc_row][vc_row][vc_column][vc_gmaps link=\u00bb#E-8_JTNDaWZyYW1lJTIwc3JjJTNEJTIyaHR0cHMlM0ElMkYlMkZ3d3cuZ29vZ2xlLmNvbSUyRm1hcHMlMkZlbWJlZCUzRnBiJTNEJTIxMW0xOCUyMTFtMTIlMjExbTMlMjExZDEwNjMzLjUwMzIwNzQwMzIyNCUyMTJkLTc4Ljg5MDQ3NzEzMzM1Njk3JTIxM2QtMi43NTgxMDQyMDE5NzIwMzA1JTIxMm0zJTIxMWYwJTIxMmYwJTIxM2YwJTIxM20yJTIxMWkxMDI0JTIxMmk3NjglMjE0ZjEzLjElMjEzbTMlMjExbTIlMjExczB4OTFjZDEzMDIwZmRmODBiMyUyNTNBMHg1OTE1ZWNkYjQ1NTVjYTJhJTIxMnNDb2ppdGFtYm8lMjE1ZTElMjEzbTIlMjExc2VzJTIxMnNlYyUyMTR2MTQ2MjI5MjcxOTk1OSUyMiUyMHdpZHRoJTNEJTIyNjAwJTIyJTIwaGVpZ2h0JTNEJTIyNDUwJTIyJTIwZnJhbWVib3JkZXIlM0QlMjIwJTIyJTIwc3R5bGUlM0QlMjJib3JkZXIlM0EwJTIyJTIwYWxsb3dmdWxsc2NyZWVuJTNFJTNDJTJGaWZyYW1lJTNF\u00bb][\/vc_column][\/vc_row]\n","protected":false},"excerpt":{"rendered":"<p>[vc_row][vc_column][vc_column_text]La Parroquia Cojitambo se encuentra situada al oeste del Cant\u00f3n Azogues, capital de la provincia del Ca\u00f1ar, a una distancia de 10km, con una extensi\u00f3n superficial de 42km2, a 3076 mts, de altura sobre el nivel del mar. Limita por el Norte con el cant\u00f3n Biblian, quebrada de Pizhumaza y loma de Mururco; por el [&hellip;]<\/p>\n","protected":false},"author":1,"featured_media":0,"parent":310,"menu_order":0,"comment_status":"closed","ping_status":"closed","template":"","meta":{"footnotes":""},"class_list":["post-312","page","type-page","status-publish","hentry"],"_links":{"self":[{"href":"https:\/\/www.cojitambo.gob.ec\/index.php?rest_route=\/wp\/v2\/pages\/312","targetHints":{"allow":["GET"]}}],"collection":[{"href":"https:\/\/www.cojitambo.gob.ec\/index.php?rest_route=\/wp\/v2\/pages"}],"about":[{"href":"https:\/\/www.cojitambo.gob.ec\/index.php?rest_route=\/wp\/v2\/types\/page"}],"author":[{"embeddable":true,"href":"https:\/\/www.cojitambo.gob.ec\/index.php?rest_route=\/wp\/v2\/users\/1"}],"replies":[{"embeddable":true,"href":"https:\/\/www.cojitambo.gob.ec\/index.php?rest_route=%2Fwp%2Fv2%2Fcomments&post=312"}],"version-history":[{"count":2,"href":"https:\/\/www.cojitambo.gob.ec\/index.php?rest_route=\/wp\/v2\/pages\/312\/revisions"}],"predecessor-version":[{"id":314,"href":"https:\/\/www.cojitambo.gob.ec\/index.php?rest_route=\/wp\/v2\/pages\/312\/revisions\/314"}],"up":[{"embeddable":true,"href":"https:\/\/www.cojitambo.gob.ec\/index.php?rest_route=\/wp\/v2\/pages\/310"}],"wp:attachment":[{"href":"https:\/\/www.cojitambo.gob.ec\/index.php?rest_route=%2Fwp%2Fv2%2Fmedia&parent=312"}],"curies":[{"name":"wp","href":"https:\/\/api.w.org\/{rel}","templated":true}]}}